 by 6081?
503
Calculate the remainder when 5996260 is divided by 218.
170
Calculate the remainder when 3799365018 is divided by 4180.
4178
What is the remainder when 662356304 is divided by 393?
392
What is the remainder when 27332680 is divided by 277?
259
Calculate the remainder when 14872295 is divided by 973.
963
What is the remainder when 9249567 is divided by 1652?
19
What is the remainder when 32495 is divided by 2946?
89
Calculate the remainder when 1197443 is divided by 293.
245
Calculate the remainder when 123666232 is divided by 4235.
4232
What is the remainder when 48636210 is divided by 305?
300
What is the remainder when 5066 is divided by 2682?
2384
Calculate the remainder when 573860 is divided by 448.
420
What is the remainder when 485968 is divided by 26998?
4
Calculate the remainder when 94311 is divided by 47047.
217
What is the remainder when 8988150 is divided by 38?
10
What is the remainder when 23608364 is divided by 1601?
18
What is the remainder when 306650 is divided by 567?
470
What is the remainder when 6023597 is divided by 158512?
141
What is the remainder when 186414 is divided by 93176?
62
What is the remainder when 2298616587 is divided by 695?
692
What is the remainder when 591514 is divided by 196975?
589
Calculate the remainder when 63151583 is divided by 62.
57
Calculate the remainder when 73327206 is divided by 2715822.
12
Calculate the remainder when 5073396 is divided by 86.
84
What is the remainder when 3762345 is divided by 341962?
763
Calculate the remainder when 26659334 is divided by 381.
2
Calculate the remainder when 1641853 is divided by 96576.
61
What is the remainder when 153464211 is divided by 30692842?
1
Calculate the remainder when 63916 is divided by 63437.
479
Calculate the remainder when 26709407 is divided by 1119.
1115
What is the remainder when 46608490 is divided by 17?
15
What is the remainder when 78796 is divided by 39303?
190
Calculate the remainder when 356619 is divided by 1193.
1105
Calculate the remainder when 246830 is divided by 2079.
1508
What is the remainder when 129659 is divided by 2468?
1323
Calculate the remainder when 126541715 is divided by 866724.
11
Calculate the remainder when 2668521 is divided by 401.
267
Calculate the remainder when 1750737 is divided by 234.
183
Calculate the remainder when 21090 is divided by 4205.
65
What is the remainder when 79831 is divided by 1697?
72
Calculate the remainder when 1384405 is divided by 1384311.
94
Calculate the remainder when 6259350 is divided by 232.
222
Calculate the remainder when 5637443 is divided by 3822.
3815
Calculate the remainder when 9017432 is divided by 1269.
1187
Calculate the remainder when 9445068 is divided by 7.
3
What is the remainder when 1291146 is divided by 4609?
626
What is the remainder when 34858958 is divided by 22?
2
What is the remainder when 1031517 is divided by 205?
162
What is the remainder when 304734 is divided by 76161?
90
Calculate the remainder when 1127919 is divided by 166.
115
Calculate the remainder when 2300103 is divided by 5.
3
What is the remainder when 3984822 is divided by 8551?
56
Calculate the remainder when 893516314 is divided by 16.
10
Calculate the remainder when 90917 is divided by 2589.
302
What is the remainder when 1566509486 is divided by 16?
14
Calculate the remainder when 9361911 is divided by 640.
631
What is the remainder when 1954129 is divided by 996?
973
What is the remainder when 56387 is divided by 7?
2
Calculate the remainder when 6371 is divided by 110.
101
Calculate the remainder when 26315 is divided by 181.
70
What is the remainder when 7736138 is divided by 182?
46
What is the remainder when 1476279 is divided by 624?
519
Calculate the remainder when 1680405 is divided by 5735.
50
Calculate the remainder when 1128067 is divided by 16836.
55
What is the remainder when 1812331 is divided by 21321?
46
Calculate the remainder when 740913 is divided by 740753.
160
What is the remainder when 115171 is divided by 56251?
2669
Calculate the remainder when 39452 is divided by 6559.
98
What is the remainder when 546156 is divided by 150?
6
What is the remainder when 582425 is divided by 2898?
2825
What is the remainder when 168752162 is divided by 19?
14
What is the remainder when 445725 is divided by 16471?
1008
Calculate the remainder when 1067284 is divided by 6428.
236
Calculate the remainder when 18206377 is divided by 655.
652
Calculate the remainder when 1554 is divided by 864.
690
Calculate the remainder when 1907957 is divided by 205.
22
Calculate the remainder when 55097172 is divided by 2448.
36
What is the remainder when 8841115 is divided by 659?
630
Calculate the remainder when 19013 is divided by 53.
39
Calculate the remainder when 1064741 is divided by 45.
41
Calculate the remainder when 68038 is divided by 1260.
1258
What is the remainder when 689943 is divided by 935?
848
Calculate the remainder when 220536 is divided by 110192.
152
Calculate the remainder when 929037 is divided by 1139.
752
What is the remainder when 62297 is divided by 1917?
953
What is the remainder when 235350 is divided by 2199?
57
Calculate the remainder when 253421548 is divided by 1839.
1831
Calculate the remainder when 49677 is divided by 1574.
883
Calculate the remainder when 1117238 is divided by 354.
14
What is the remainder when 630215293 is divided by 8?
5
Calculate the remainder when 647697607 is divided by 511.
508
Calculate the remainder when 228442 is divided by 11991.
613
What is the remainder when 24325 is divided by 716?
697
Calculate the remainder when 188618 is divided by 52.
14
What is the remainder when 860343 is divided by 326?
29
Calculate the remainder when 2149 is divided by 394.
179
Calculate the remainder when 29416549 is divided by 1472.
101
Calculate the remainder when 8534857 is divided by 319.
12
What is the remainder when 88110 is divided by 14644?
246
Calculate the remainder when 260819797 is divided by 92391.
4
What is the remainder when 1364974 is divided by 20?
14
What is the remainder when 2735843 is divided by 111?
26
What is the remainder when 5099443 is divided by 1291?
1284
What is the remainder when 26404791 is divided by 61264?
7
Calculate the remainder when 702150 is divided by 855.
195
What is the remainder when 40475887 is divided by 53?
52
What is the remainder when 61594424 is divided by 6075?
6074
Calculate the remainder when 415561 is divided by 1171.
1027
Calculate the remainder when 12587620 is divided by 1053.
58
Calculate the remainder when 1800321 is divided by 1387.
1382
Calculate the remainder when 1892963 is divided by 319.
17
Calculate the remainder when 62214 is divided by 14.
12
Calculate the remainder when 34802087 is divided by 174.
173
What is the remainder when 129934352 is divided by 95?
2
What is the remainder when 41821910 is divided by 88?
86
What is the remainder when 270351 is divided by 134038?
2275
What is the remainder when 150830054 is divided by 89?
63
What is the remainder when 420665 is divided by 779?
5
What is the remainder when 125533910 is divided by 6698?
6692
What is the remainder when 4493746 is divided by 748956?
10
What is the remainder when 184073 is divided by 2746?
91
Calculate the remainder when 6559 is divided by 1725.
1384
What is the remainder when 194323 is divided by 1943?
23
What is the remainder when 246278416 is divided by 82092801?
13
What is the remainder when 2793414 is divided by 6099?
72
What is the remainder when 22811 is divided by 5428?
1099
What is the remainder when 13463009 is divided by 224383?
29
Calculate the remainder when 374014 is divided by 1565.
1544
What is the remainder when 1356501 is divided by 7372?
53
Calculate the remainder when 851139 is divided by 2737.
2669
What is the remainder when 18650081 is divided by 204?
197
Calculate the remainder when 13897876 is divided by 235.
211
Calculate the remainder when 108553 is divided by 12057.
40
What is the remainder when 10167056 is divided by 1452436?
4
What is the remainder when 5728814 is divided by 52?
26
Calculate the remainder when 8219746 is divided by 150.
46
What is the remainder when 1659571 is divided by 284?
159
Calculate the remainder when 7699860 is divided by 405.
0
Calculate the rem